 211049?
False
Is 1151489 a multiple of 213?
False
Does 41 divide 271672?
False
Does 19 divide 134440?
False
Is 883 a factor of 1629135?
True
Does 700 divide 421349?
False
Is 29 a factor of 320781?
False
Does 596 divide 837078?
False
Is 18 a factor of 152100?
True
Is 21 a factor of 2847117?
True
Is 13361176 a multiple of 691?
True
Is 45371 a multiple of 4?
False
Is 5691227 a multiple of 49?
False
Is 30575 a multiple of 3?
False
Is 19 a factor of 197456?
False
Is 21 a factor of 13271034?
True
Is 6 a factor of 12984?
True
Is 88 a factor of 775432?
False
Is 4 a factor of 228312?
True
Is 423518 a multiple of 23?
False
Does 23 divide 889538?
False
Does 12 divide 8804616?
True
Does 23 divide 1168595?
False
Is 39 a factor of 3791252?
False
Is 14 a factor of 583506?
True
Is 1402715 a multiple of 26?
False
Does 13 divide 116623?
True
Does 345 divide 426844?
False
Is 7370 a multiple of 22?
True
Is 85320 a multiple of 24?
True
Does 4 divide 3358407?
False
Does 13 divide 92353?
False
Is 1065690 a multiple of 135?
True
Does 16 divide 516307?
False
Is 7 a factor of 33654?
False
Does 28 divide 304245?
False
Is 29 a factor of 16849?
True
Does 11 divide 31757?
True
Is 62016 a multiple of 34?
True
Is 28 a factor of 8904?
True
Is 77 a factor of 6109719?
True
Does 522 divide 449442?
True
Is 12 a factor of 45575?
False
Does 29 divide 1538653?
True
Is 712 a factor of 1382148?
False
Is 95761 a multiple of 369?
False
Is 547022 a multiple of 47?
False
Does 24 divide 1063104?
True
Is 167 a factor of 131930?
True
Is 3157876 a multiple of 65?
False
Does 27 divide 200529?
True
Is 151148 even?
True
Is 466930 a multiple of 110?
False
Is 540175 a multiple of 697?
True
Is 222 a factor of 1947828?
True
Is 154870 a multiple of 268?
False
Is 132288 a multiple of 208?
True
Does 1112 divide 8488687?
False
Is 52 a factor of 5251636?
True
Does 13 divide 1934357?
False
Is 73523 a multiple of 113?
False
Is 29 a factor of 208278?
True
Does 10 divide 343968?
False
Is 358 a factor of 565640?
True
Is 1846360 a multiple of 5?
True
Is 5 a factor of 9264809?
False
Does 231 divide 1102563?
True
Is 669 a factor of 3345577?
False
Is 850087 a multiple of 125?
False
Does 22 divide 251240?
True
Is 927260 a multiple of 102?
False
Is 165256 a multiple of 28?
True
Is 73304 a multiple of 98?
True
Is 61433 a multiple of 2?
False
Is 1936 a factor of 7698194?
False
Does 31 divide 4684397?
False
Is 564613 a multiple of 73?
False
Is 14 a factor of 316862?
True
Is 293009 a multiple of 27?
False
Is 139 a factor of 6587071?
True
Does 30 divide 549420?
True
Is 944 a factor of 15882800?
True
Is 3054726 a multiple of 54?
True
Is 22 a factor of 20142166?
True
Is 6 a factor of 4506905?
False
Is 5 a factor of 147126?
False
Does 335 divide 2142325?
True
Is 353 a factor of 689409?
True
Does 14 divide 3171483?
False
Is 7228581 a multiple of 71?
True
Does 23 divide 2410377?
True
Is 12 a factor of 11508?
True
Is 76 a factor of 404320?
True
Is 24519986 a multiple of 265?
False
Is 46519 a multiple of 3?
False
Is 120 a factor of 69125?
False
Does 18 divide 317490?
False
Is 29 a factor of 156344?
False
Is 202 a factor of 4385218?
True
Is 3 a factor of 49326?
True
Does 38 divide 29298?
True
Does 9 divide 1078605?
True
Is 15 a factor of 144795?
True
Is 43569 a multiple of 423?
True
Is 3344800 a multiple of 149?
False
Is 355 a factor of 115517?
False
Is 19 a factor of 34732?
True
Is 16 a factor of 2049872?
True
Is 20 a factor of 194012?
False
Is 18196 a multiple of 474?
False
Is 24720 a multiple of 120?
True
Does 17 divide 10890331?
False
Is 4904118 a multiple of 394?
True
Does 6 divide 9198126?
True
Is 86967 a multiple of 27?
True
Is 9516150 a multiple of 25?
True
Is 570 a factor of 10865760?
False
Is 26105898 a multiple of 19?
False
Is 911 a factor of 26355230?
True
Is 152 a factor of 137557?
False
Does 412 divide 930316?
False
Is 179228 a multiple of 161?
False
Is 32 a factor of 12665?
False
Is 127255 a multiple of 29?
False
Is 50 a factor of 55450?
True
Is 8407656 a multiple of 68?
True
Does 12 divide 340798?
False
Does 114 divide 161310?
True
Is 249867 a multiple of 85?
False
Does 51 divide 5404962?
False
Is 946664 a multiple of 99?
False
Is 31 a factor of 24003?
False
Does 313 divide 2708044?
False
Does 479 divide 1054640?
False
Is 71 a factor of 1716653?
False
Is 257286 a multiple of 272?
False
Is 186131 a multiple of 15?
False
Does 117 divide 1214577?
True
Does 1285 divide 3435134?
False
Is 627 a factor of 11135520?
True
Is 2873988 a multiple of 468?
True
Does 729 divide 11940424?
False
Is 24 a factor of 97488?
True
Is 438838 a multiple of 3?
False
Is 4951 a multiple of 5?
False
Does 27 divide 47908?
False
Does 1104 divide 1664832?
True
Is 76 a factor of 208088?
True
Is 1640 a factor of 1756440?
True
Does 10 divide 10953190?
True
Is 2493058 a multiple of 58?
False
Does 4 divide 1967370?
False
Is 3180166 a multiple of 64?
False
Is 87 a factor of 60639?
True
Is 983110 a multiple of 31?
False
Is 272 a factor of 748772?
False
Does 10 divide 2083075?
False
Is 5 a factor of 14391?
False
Is 32 a factor of 1762070?
False
Does 30 divide 4210260?
True
Is 233 a factor of 291250?
True
Is 162312 a multiple of 133?
False
Is 186788 a multiple of 28?
True
Is 105 a factor of 212156?
False
Does 71 divide 528693?
False
Is 546660 a multiple of 9?
True
Does 7 divide 54511?
False
Does 725 divide 7081800?
True
Does 7 divide 1093?
False
Is 1789038 a multiple of 3?
True
Is 4041120 a multiple of 12?
True
Is 15 a factor of 282377?
False
Does 1343 divide 119209?
False
Is 25 a factor of 632236?
False
Is 511752 a multiple of 84?
False
Does 4 divide 4144?
True
Does 12 divide 50486?
False
Does 25 divide 167850?
True
Does 6 divide 15413?
False
Is 41 a factor of 3184975?
False
Does 18 divide 6082992?
True
Does 125 divide 4725000?
True
Does 23 divide 88435?
True
Does 167 divide 783564?
True
Is 12 a factor of 172175?
False
Is 14 a factor of 548982?
True
Is 28 a factor of 2159931?
False
Does 264 divide 73656?
True
Is 510 a factor of 1236429?
False
Is 43602 a multiple of 7?
False
Is 1184564 a multiple of 194?
True
Is 639571 a multiple of 5?
False
Does 38 divide 5063654?
False
Is 59 a factor of 286386?
True
Is 1785 a multiple of 7?
True
Is 556240 a multiple of 409?
True
Is 40 a factor of 613654?
False
Is 1253612 a multiple of 214?
True
Does 23 divide 1706292?
False
Is 12 a factor of 12342218?
False
Does 43 divide 1355059?
True
Is 103 a factor of 1374432?
True
Is 761214 a multiple of 433?
True
Is 277844 a multiple of 16?
False
Is 1200078 a multiple of 33?
True
Is 10 a factor of 232158?
False
Is 12773468 a multiple of 705?
False
Does 223 divide 1403785?
True
Is 269548 a multiple of 18?
False
Does 35 divide 437605?
True
Is 119 a factor of 784448?
True
Is 14 a factor of 124055?
False
Is 137384 a multiple of 26?
True
Is 14 a factor of 77124?
False
Is 484446 a multiple of 4?
False
Is 23 a factor of 1472161?
True
Does 331 divide 6210?
False
Does 13 divide 40324?
False
Is 285 a factor of 997966?
False
Is 24 a factor of 737573?
False
Does 257 divide 481891?
False
Is 4200370 a multiple of 28?
False
Does 4 divide 1242572?
True
Does 21 divide 44682?
False
Is 42212 a multiple of 122?
True
Does 44 divide 27246?
False
Does 9 divide 274194?
True
Is 6 a factor of 352478?
False
Is 56 a factor of 1077888?
True
Is 108432 a multiple of 72?
True
Is 3032592 a multiple of 48?
True
Does 175 divide 351225?
True
Is 897790 a multiple of 244?
False
Is 474 a factor of 1903584?
True
Is 10 a factor of 440406?
False
Does 87 divide 7509840?
True
Does 14 divide 76008?
False
Is 1245416 a multiple of 12?
False
Is 480772 a multiple of 128?
False
Is 1038677 a multiple of 29?
False
Is 17 a factor of 231057?
False
Is 184 a factor of 1626928?
True
Is 12 a factor of 902673?
False
Does 126 divide 4557930?
False
Is 28 a factor of 358232?
True
Is 313083 a multiple of 36?
False
Is 87 a factor of 90480?
True
Is 98682 a multiple of 6?
True
Is 172 a factor of 3719672?
True
Is 367629 a multiple of 9?
False
Does 616 divide 919072?
True
Does 700 divide 7445200?
True
Does 135 divide 18384030?
True
Does 18 divide 47952?
True
Is 418416 a multiple of 48?
True
Is 340648 a multiple of 316?
True
Does 19 divide 3445053?
False
Is 382720 a multiple of 65?
True
Is 211320 a multiple of 180?
True
Does 123 divide 7704